{"id":185,"date":"2015-09-28T12:47:32","date_gmt":"2015-09-28T12:47:32","guid":{"rendered":"http:\/\/www.construccionescasaalba.es\/insonorizacion\/?page_id=185"},"modified":"2015-09-28T22:06:10","modified_gmt":"2015-09-28T22:06:10","slug":"silenciadores-acusticos-sevilla","status":"publish","type":"page","link":"https:\/\/www.construccionescasaalba.es\/insonorizacion\/productos-b\/silenciadores-acusticos-sevilla\/","title":{"rendered":"Silenciadores Ac\u00fasticos Sevilla"},"content":{"rendered":"<p><strong>Silenciadores Ac\u00fasticos Sevilla<\/strong><\/p>\n<p>Venta e Instalaci\u00f3n de Silenciadores Ac\u00fasticos en Sevilla, provincia\u00a0 y Andaluc\u00eda.<\/p>\n<p><a href=\"http:\/\/www.construccionescasaalba.es\/insonorizacion\/wp-content\/uploads\/2015\/09\/silenciadores-disipativos-circulares.jpg\">\u00a0<\/a><\/p>\n<p><a href=\"http:\/\/www.construccionescasaalba.es\/insonorizacion\/productos-b\/silenciadores-acusticos-sevilla\/silenciadores-disipativos-circulares-2\/\" target=\"_blank\"><img decoding=\"async\" loading=\"lazy\" class=\"alignnone wp-image-186\" src=\"http:\/\/www.construccionescasaalba.es\/insonorizacion\/wp-content\/uploads\/2015\/09\/silenciadores-disipativos-circulares.jpg\" alt=\"silenciadores-disipativos-circulares\" width=\"100\" height=\"123\" \/><\/a>\u00a0\u00a0\u00a0\u00a0\u00a0\u00a0\u00a0\u00a0\u00a0 <a href=\"http:\/\/www.construccionescasaalba.es\/insonorizacion\/productos-b\/silenciadores-acusticos-sevilla\/silenciadores-disipativos-rectangulares-2\/\" target=\"_blank\"><img decoding=\"async\" loading=\"lazy\" class=\"alignnone wp-image-187\" src=\"http:\/\/www.construccionescasaalba.es\/insonorizacion\/wp-content\/uploads\/2015\/09\/silenciadores-disipativos-rectangulares.jpg\" alt=\"silenciadores-disipativos-rectangulares\" width=\"100\" height=\"123\" \/><\/a>\u00a0\u00a0\u00a0\u00a0\u00a0\u00a0\u00a0\u00a0\u00a0 <a href=\"http:\/\/www.construccionescasaalba.es\/insonorizacion\/productos-b\/silenciadores-acusticos-sevilla\/silenciador-reactivo-circular\/\" target=\"_blank\"><img decoding=\"async\" loading=\"lazy\" class=\"alignnone wp-image-188\" src=\"http:\/\/www.construccionescasaalba.es\/insonorizacion\/wp-content\/uploads\/2015\/09\/silenciadores-reactivos-circulares.jpg\" alt=\"silenciadores-reactivos-circulares\" width=\"100\" height=\"123\" \/><\/a><\/p>\n<p><a href=\"http:\/\/www.construccionescasaalba.es\/insonorizacion\/contactar\/\" target=\"_blank\">P\u00eddenos presupuesto sin compromiso<\/a><\/p>\n","protected":false},"excerpt":{"rendered":"<div class=\"mh-excerpt\"><p>Silenciadores Ac\u00fasticos Sevilla Venta e Instalaci\u00f3n de Silenciadores Ac\u00fasticos en Sevilla, provincia\u00a0 y Andaluc\u00eda. \u00a0 \u00a0\u00a0\u00a0\u00a0\u00a0\u00a0\u00a0\u00a0\u00a0 \u00a0\u00a0\u00a0\u00a0\u00a0\u00a0\u00a0\u00a0\u00a0 P\u00eddenos presupuesto sin compromiso<\/p>\n<\/div>","protected":false},"author":1,"featured_media":0,"parent":123,"menu_order":0,"comment_status":"closed","ping_status":"closed","template":"","meta":[],"aioseo_notices":[],"_links":{"self":[{"href":"https:\/\/www.construccionescasaalba.es\/insonorizacion\/wp-json\/wp\/v2\/pages\/185"}],"collection":[{"href":"https:\/\/www.construccionescasaalba.es\/insonorizacion\/wp-json\/wp\/v2\/pages"}],"about":[{"href":"https:\/\/www.construccionescasaalba.es\/insonorizacion\/wp-json\/wp\/v2\/types\/page"}],"author":[{"embeddable":true,"href":"https:\/\/www.construccionescasaalba.es\/insonorizacion\/wp-json\/wp\/v2\/users\/1"}],"replies":[{"embeddable":true,"href":"https:\/\/www.construccionescasaalba.es\/insonorizacion\/wp-json\/wp\/v2\/comments?post=185"}],"version-history":[{"count":6,"href":"https:\/\/www.construccionescasaalba.es\/insonorizacion\/wp-json\/wp\/v2\/pages\/185\/revisions"}],"predecessor-version":[{"id":204,"href":"https:\/\/www.construccionescasaalba.es\/insonorizacion\/wp-json\/wp\/v2\/pages\/185\/revisions\/204"}],"up":[{"embeddable":true,"href":"https:\/\/www.construccionescasaalba.es\/insonorizacion\/wp-json\/wp\/v2\/pages\/123"}],"wp:attachment":[{"href":"https:\/\/www.construccionescasaalba.es\/insonorizacion\/wp-json\/wp\/v2\/media?parent=185"}],"curies":[{"name":"wp","href":"https:\/\/api.w.org\/{rel}","templated":true}]}}