{"id":172,"date":"2015-09-28T12:15:16","date_gmt":"2015-09-28T12:15:16","guid":{"rendered":"http:\/\/www.construccionescasaalba.es\/insonorizacion\/?page_id=172"},"modified":"2015-09-28T12:30:38","modified_gmt":"2015-09-28T12:30:38","slug":"limitadores-de-ruido","status":"publish","type":"page","link":"https:\/\/www.construccionescasaalba.es\/insonorizacion\/productos-b\/limitadores-de-ruido\/","title":{"rendered":"Limitadores de Ruido"},"content":{"rendered":"<p><a href=\"http:\/\/www.construccionescasaalba.es\/insonorizacion\/wp-content\/uploads\/2015\/09\/limitadores_acusticos.png\"><img decoding=\"async\" loading=\"lazy\" class=\"alignnone size-medium wp-image-132\" src=\"http:\/\/www.construccionescasaalba.es\/insonorizacion\/wp-content\/uploads\/2015\/09\/limitadores_acusticos-300x84.png\" alt=\"limitadores_acusticos\" width=\"300\" height=\"84\" srcset=\"https:\/\/www.construccionescasaalba.es\/insonorizacion\/wp-content\/uploads\/2015\/09\/limitadores_acusticos-300x84.png 300w, https:\/\/www.construccionescasaalba.es\/insonorizacion\/wp-content\/uploads\/2015\/09\/limitadores_acusticos.png 425w\" sizes=\"(max-width: 300px) 100vw, 300px\" \/><\/a><\/p>\n<p><a href=\"http:\/\/www.construccionescasaalba.es\/insonorizacion\/contactar\/\" target=\"_blank\">P\u00eddenos presupuesto sin compromiso<\/a><\/p>\n<p><span style=\"line-height: 115%; font-family: 'Arial','sans-serif'; font-size: 10pt;\"><span style=\"color: #000000;\">Los <\/span><strong><span style=\"font-family: 'Arial','sans-serif';\"><span style=\"color: #000000;\">limitadores-registradores de sonido <\/span><\/span><\/strong><span style=\"color: #000000;\">son la soluci\u00f3n ideal para locales donde la <\/span><strong><span style=\"font-family: 'Arial','sans-serif';\"><span style=\"color: #000000;\">emisi\u00f3n musical <\/span><\/span><\/strong><span style=\"color: #000000;\">debido a las normativas vigentes tiene que ser <\/span><strong><span style=\"font-family: 'Arial','sans-serif';\"><span style=\"color: #000000;\">controlada<\/span><\/span><\/strong><span style=\"color: #000000;\">, pudiendo desarrollar la actividad del negocio con la tranquilidad deseada.<\/span><\/span><\/p>\n<p>&nbsp;<\/p>\n","protected":false},"excerpt":{"rendered":"<div class=\"mh-excerpt\"><p>P\u00eddenos presupuesto sin compromiso Los limitadores-registradores de sonido son la soluci\u00f3n ideal para locales donde la emisi\u00f3n musical debido a las normativas vigentes tiene que <a class=\"mh-excerpt-more\" href=\"https:\/\/www.construccionescasaalba.es\/insonorizacion\/productos-b\/limitadores-de-ruido\/\" title=\"Limitadores de Ruido\">[&#8230;]<\/a><\/p>\n<\/div>","protected":false},"author":1,"featured_media":0,"parent":123,"menu_order":0,"comment_status":"closed","ping_status":"closed","template":"","meta":[],"aioseo_notices":[],"_links":{"self":[{"href":"https:\/\/www.construccionescasaalba.es\/insonorizacion\/wp-json\/wp\/v2\/pages\/172"}],"collection":[{"href":"https:\/\/www.construccionescasaalba.es\/insonorizacion\/wp-json\/wp\/v2\/pages"}],"about":[{"href":"https:\/\/www.construccionescasaalba.es\/insonorizacion\/wp-json\/wp\/v2\/types\/page"}],"author":[{"embeddable":true,"href":"https:\/\/www.construccionescasaalba.es\/insonorizacion\/wp-json\/wp\/v2\/users\/1"}],"replies":[{"embeddable":true,"href":"https:\/\/www.construccionescasaalba.es\/insonorizacion\/wp-json\/wp\/v2\/comments?post=172"}],"version-history":[{"count":2,"href":"https:\/\/www.construccionescasaalba.es\/insonorizacion\/wp-json\/wp\/v2\/pages\/172\/revisions"}],"predecessor-version":[{"id":179,"href":"https:\/\/www.construccionescasaalba.es\/insonorizacion\/wp-json\/wp\/v2\/pages\/172\/revisions\/179"}],"up":[{"embeddable":true,"href":"https:\/\/www.construccionescasaalba.es\/insonorizacion\/wp-json\/wp\/v2\/pages\/123"}],"wp:attachment":[{"href":"https:\/\/www.construccionescasaalba.es\/insonorizacion\/wp-json\/wp\/v2\/media?parent=172"}],"curies":[{"name":"wp","href":"https:\/\/api.w.org\/{rel}","templated":true}]}}