{"id":941,"date":"2020-10-06T17:25:14","date_gmt":"2020-10-06T17:25:14","guid":{"rendered":"https:\/\/www.construccionescasaalba.es\/2\/?page_id=941"},"modified":"2020-10-12T08:47:28","modified_gmt":"2020-10-12T08:47:28","slug":"colaboracion-con-la-asociacion-de-hosteleria-de-sevilla","status":"publish","type":"page","link":"https:\/\/www.construccionescasaalba.es\/2\/colaboracion-con-la-asociacion-de-hosteleria-de-sevilla\/","title":{"rendered":"Colaboraci\u00f3n con la Asociaci\u00f3n de Hosteler\u00eda de Sevilla"},"content":{"rendered":"<div id=\"pl-gb941-6a03233e28a13\"  class=\"panel-layout\" ><div id=\"pg-gb941-6a03233e28a13-0\"  class=\"panel-grid panel-no-style\" ><div id=\"pgc-gb941-6a03233e28a13-0-0\"  class=\"panel-grid-cell\" ><div id=\"panel-gb941-6a03233e28a13-0-0-0\" class=\"so-panel widget widget_media_image panel-first-child panel-last-child\" data-index=\"0\" ><img width=\"225\" height=\"300\" src=\"https:\/\/www.construccionescasaalba.es\/2\/wp-content\/uploads\/2020\/10\/convenio-colaboracio-asociacion-hosteleria-sevilla-225x300.jpeg\" class=\"image wp-image-939  attachment-medium size-medium\" alt=\"\" decoding=\"async\" loading=\"lazy\" style=\"max-width: 100%; height: auto;\" srcset=\"https:\/\/www.construccionescasaalba.es\/2\/wp-content\/uploads\/2020\/10\/convenio-colaboracio-asociacion-hosteleria-sevilla-225x300.jpeg 225w, https:\/\/www.construccionescasaalba.es\/2\/wp-content\/uploads\/2020\/10\/convenio-colaboracio-asociacion-hosteleria-sevilla-768x1024.jpeg 768w, https:\/\/www.construccionescasaalba.es\/2\/wp-content\/uploads\/2020\/10\/convenio-colaboracio-asociacion-hosteleria-sevilla.jpeg 1536w\" sizes=\"(max-width: 225px) 100vw, 225px\" \/><\/div><\/div><\/div><div id=\"pg-gb941-6a03233e28a13-1\"  class=\"panel-grid panel-no-style\" ><div id=\"pgc-gb941-6a03233e28a13-1-0\"  class=\"panel-grid-cell\" ><div id=\"panel-gb941-6a03233e28a13-1-0-0\" class=\"so-panel widget widget_text panel-first-child panel-last-child\" data-index=\"1\" ><h3 class=\"widget-title\"><span>Carta de Presentaci\u00f3n al Hostelero Sevillano<\/span><\/h3>\t\t\t<div class=\"textwidget\"><p>Estimad@ Asociad@:<\/p>\n<p>Por medio de la presente nos es grato poder compartir contigo e informarte sobre el convenio de COLABORACI\u00d3N que la ASOCIACI\u00d3N DE HOSTELERIA DE LA PROVINCIA DE SEVILLA ha suscrito con el la empresa ALBA NEGOCIOS DIVERSOS S.L. (CASA ALBA CONSTRUCCI\u00d3N E INSTALACIONES) empresa de Sevilla, especializada en la Adecuaci\u00f3n y Reformas de Locales Comerciales a la normativa Vigente, con gran experiencia en la implantaci\u00f3n de todo tipo de Locales destinados a fines Hosteleros.<\/p>\n<p>Con la firma de dicho acuerdo, se alcanzan importantes logros para beneficio de la Asociaci\u00f3n y todos sus asociados.<\/p>\n<p>En primer lugar, todo lo referente a la Documentaci\u00f3n T\u00e9cnica para la consecuci\u00f3n de Licencias de Apertura, Proyectos de Obra, Interiorismo y cualquier otra documentaci\u00f3n o servicio especializado relativo a la legalizaci\u00f3n de la actividad frente a los organismos p\u00fablicos que lo requieren.<\/p>\n<p>Y en segundo lugar, la adecuaci\u00f3n de todos los locales donde se implante y\/o reformen actividades Hosteleras, facilitando la ejecuci\u00f3n de Obras, Oficios e Instalaciones necesarias, tanto exigidas como necesarias para el normal desarrollo de todas sus actividades.<\/p>\n<p>Asimismo, acercamos a los asociados todos los servicios y productos, as\u00ed como equipamiento que necesitan para la explotaci\u00f3n comercial de sus actividades y locales.<\/p>\n<p>Tambi\u00e9n ponemos a disposici\u00f3n de los asociados, los mejores profesionales orientados a la Consultor\u00eda Estrat\u00e9gica en Planificaci\u00f3n y Gesti\u00f3n de Proyectos Gastron\u00f3micos, Estudios de Mercado, Marketing de lanzamiento y otros muchos servicios que garantizan el inicio o consolidaci\u00f3n exitosa de la actividad comercial de los asociados.<\/p>\n<p>Por todo ello, los asociados podr\u00e1n beneficiarse del asesoramiento especializado de todos los departamentos de nuestra empresa y recibir importantes descuentos en los Presupuestos que resulten de sus necesidades, de forma \u00fanica y especial para todos los miembros de esta ASOCIACI\u00d3N DE HOSTELER\u00cdA DE SEVILLA.<\/p>\n<p>Para recibir mayor informaci\u00f3n y asesoramiento, pueden consultar en nuestra p\u00e1gina Web (<a href=\"https:\/\/www.construccionescasaalba.es\">www.construccionescasaalba.es<\/a>), a trav\u00e9s del tel\u00e9fono 955226137, \u00f3 enviando un correo electr\u00f3nico a <a href=\"mailto:administracion@construccionescasaalba.es\">administraci\u00f3n@construccionescasaalba.es<\/a> .<\/p>\n<p>Sin otro particular y esperando que esta informaci\u00f3n sea de su agrado, reciba un cordial saludo.<\/p>\n<\/div>\n\t\t<\/div><\/div><\/div><\/div>\n\n\n<div class=\"wp-block-file\"><a href=\"https:\/\/www.construccionescasaalba.es\/2\/wp-content\/uploads\/2020\/10\/DOSSIER-CONVENIO-COLABORACI\u00d3N-ASOCIACION-HOSTELERIA-SEVILLA-CASA-ALBA-CONSTRUCCIONES-E-INSTALACIONES.pdf\">DOSSIER CONVENIO COLABORACI\u00d3N ASOCIACION HOSTELERIA SEVILLA &#8211; CASA ALBA CONSTRUCCIONES E INSTALACIONES<\/a><a href=\"https:\/\/www.construccionescasaalba.es\/2\/wp-content\/uploads\/2020\/10\/DOSSIER-CONVENIO-COLABORACI\u00d3N-ASOCIACION-HOSTELERIA-SEVILLA-CASA-ALBA-CONSTRUCCIONES-E-INSTALACIONES.pdf\" class=\"wp-block-file__button\" download>Descarga<\/a><\/div>\n\n\n\n<pre style=\"text-align:right\" class=\"wp-block-verse\"><strong><em>\"La vida nos impuso esta cat\u00e1strofe, nosotros debemos encontrar la forma de rehacernos.\"<\/em><\/strong><br><em>Juan Jos\u00e9 Infante<br>Gerente Casa Alba<\/em> <\/pre>\n\n\n\n<h4 class=\"wp-block-heading\">Recursos para los Hosteleros de Sevilla.<\/h4>\n\n\n\n<p><strong>Construcci\u00f3n e Instalaciones:<\/strong> Proyectos T\u00e9cnicos y Licencias de Apertura, veladores, Ingenier\u00eda y Arquitectura, documentaci\u00f3n t\u00e9cnica, autorizaciones etc. Adecuaci\u00f3n y Reformas de Locales comerciales destinado a Local de Hosteler\u00eda. <a href=\"https:\/\/www.construccionescasaalba.es\/2\/contacto-construcciones-casa-alba\/\">M\u00e1s informaci\u00f3n<\/a><\/p>\n\n\n\n<p><strong>Mobiliario de Hosteler\u00eda:<\/strong> Tienda online de nuestro grupo, especializada en Mobiliario de Hosteler\u00eda. <a href=\"https:\/\/www.migayyo.es\/tiendaonline\/es\/\">M\u00e1s informaci\u00f3n<\/a><\/p>\n\n\n\n<p><strong>Interiorismo y Decoraci\u00f3n de Espacios:<\/strong> Divisi\u00f3n de Dise\u00f1o Interior y Decoraci\u00f3n de nuestro grupo. Te sorprender\u00e1. <a href=\"http:\/\/www.migayyo.es \">M\u00e1s informaci\u00f3n<\/a><\/p>\n\n\n\n<p><a href=\"https:\/\/www.construccionescasaalba.es\/2\/contacto-construcciones-casa-alba\/\">Cons\u00faltanos, seguro que podremos ayudarte&#8230;..<\/a><\/p>\n\n\n\n<p>*Todos los servicios cuentan con un plan de descuento, s\u00f3lo para los afiliados de la Asociaci\u00f3n de Hosteler\u00eda de Sevilla y Provincia.<\/p>\n","protected":false},"excerpt":{"rendered":"<p>Estimad@ Asociad@: Por medio de la presente nos es grato poder compartir contigo e informarte sobre el convenio de COLABORACI\u00d3N que la ASOCIACI\u00d3N DE HOSTELERIA DE LA PROVINCIA DE SEVILLA ha suscrito con el la empresa ALBA NEGOCIOS DIVERSOS S.L. (CASA ALBA CONSTRUCCI\u00d3N E INSTALACIONES) empresa de Sevilla, especializada en la Adecuaci\u00f3n y Reformas de [&hellip;]<\/p>\n","protected":false},"author":1,"featured_media":0,"parent":0,"menu_order":0,"comment_status":"closed","ping_status":"closed","template":"","meta":{"om_disable_all_campaigns":false},"aioseo_notices":[],"_links":{"self":[{"href":"https:\/\/www.construccionescasaalba.es\/2\/wp-json\/wp\/v2\/pages\/941"}],"collection":[{"href":"https:\/\/www.construccionescasaalba.es\/2\/wp-json\/wp\/v2\/pages"}],"about":[{"href":"https:\/\/www.construccionescasaalba.es\/2\/wp-json\/wp\/v2\/types\/page"}],"author":[{"embeddable":true,"href":"https:\/\/www.construccionescasaalba.es\/2\/wp-json\/wp\/v2\/users\/1"}],"replies":[{"embeddable":true,"href":"https:\/\/www.construccionescasaalba.es\/2\/wp-json\/wp\/v2\/comments?post=941"}],"version-history":[{"count":8,"href":"https:\/\/www.construccionescasaalba.es\/2\/wp-json\/wp\/v2\/pages\/941\/revisions"}],"predecessor-version":[{"id":1125,"href":"https:\/\/www.construccionescasaalba.es\/2\/wp-json\/wp\/v2\/pages\/941\/revisions\/1125"}],"wp:attachment":[{"href":"https:\/\/www.construccionescasaalba.es\/2\/wp-json\/wp\/v2\/media?parent=941"}],"curies":[{"name":"wp","href":"https:\/\/api.w.org\/{rel}","templated":true}]}}