{"id":419,"date":"2014-03-26T14:58:07","date_gmt":"2014-03-26T14:58:07","guid":{"rendered":"https:\/\/www.construccionescasaalba.es\/2\/sistemas-de-climatizacion\/"},"modified":"2014-03-26T14:58:07","modified_gmt":"2014-03-26T14:58:07","slug":"sistemas-de-climatizacion","status":"publish","type":"page","link":"https:\/\/www.construccionescasaalba.es\/2\/sistemas-de-climatizacion\/","title":{"rendered":"Sistemas de climatizaci\u00f3n"},"content":{"rendered":"<h3>Sistemas de climatizaci\u00f3n<\/h3>\n<p>La climatizaci\u00f3n puede hacerse en un solo local (unitaria), frecuentemente con un aparato que produce y emite su energ\u00eda t\u00e9rmica, y centralizada, en la que un aparato produce la energ\u00eda t\u00e9rmica (calor o fr\u00edo), se lleva a los locales a climatizar por medio de conducciones y se emite por medio de emisores.<\/p>\n<p><strong>Climatizaci\u00f3n unitaria<\/strong>. Es este sistema muy frecuente.<\/p>\n<p>En <strong>calefacci\u00f3n<\/strong> se emplea con chimeneas-hogar, diferentes tipos de estufas (de carb\u00f3n, de gas butano, el\u00e9ctricas).<\/p>\n<p>Para<strong> refrigeraci\u00f3n<\/strong> lo m\u00e1s conocido es el llamado climatizador o acondicionador de ventana.<\/p>\n<p>Son en general sistemas con deficiencias importantes: En calefacci\u00f3n, cuando hay combusti\u00f3n (carb\u00f3n, gas) es necesaria la entrada de aire para la combusti\u00f3n, aire proveniente del exterior, que est\u00e1 fr\u00edo, y que enfr\u00eda el ambiente a calefactar.<\/p>\n<p>En general, los aparatos peque\u00f1os tienen menores rendimientos que los grandes, por lo que, la suma de varios de ellos para distintos locales, pueden consumir m\u00e1s energ\u00eda que uno solo para todos ellos.<\/p>\n<p>Adem\u00e1s, los aparatos unitarios de refrigeraci\u00f3n no suelen tener un buen control de la humedad, por lo que pueden dar ambientes h\u00famedos en los locales.<\/p>\n<p><strong>Climatizaci\u00f3n centralizada.<\/strong><\/p>\n<p>En este sistema de climatizaci\u00f3n pueden, a su vez, distinguirse dos posibilidades: para un peque\u00f1o usuario (vivienda, p.e.) y para un usuario grande (un edificio completo, de cualquier dimensi\u00f3n).<\/p>\n<p>Para calefacci\u00f3n constan de una caldera y de una red de tuber\u00edas que lleva el calor, por medio de un caloportador, a los aparatos terminales, generalmente radiadores.<\/p>\n<p>Los sistemas de calefacci\u00f3n por agua caliente pueden servir desde una instalaci\u00f3n peque\u00f1a (de vivienda) hasta instalaciones urbanas, pasando por instalaciones de edificio y de barriada.<\/p>\n<p>En refrigeraci\u00f3n existen aparatos que tienen una parte, que comprende el compresor y el condensador, que se sit\u00faa en el exterior y uno o varios evaporadores que se colocan en los locales a climatizar (sistemas partidos m\u00faltiples o multisplit).<\/p>\n<p>Suelen tener mejores rendimientos que los aparatos unitarios, pero adolecen de falta de control de la humedad ambiente.<\/p>\n<p>Para sistemas de mayor tama\u00f1o, tanto de calefacci\u00f3n como de refrigeraci\u00f3n, v\u00e9ase a continuaci\u00f3n.<\/p>\n<p><strong>Clasificaci\u00f3n por el fluido caloportado<\/strong><\/p>\n<p>La energ\u00eda t\u00e9rmica puede llevarse a los locales por medio de fluidos, llamados caloportadores (que transportan el calor o energ\u00eda t\u00e9rmica), y pueden ser: agua, aire o un fluido refrigerante.<\/p>\n<p>Se puede establecer una clasificaci\u00f3n en funci\u00f3n del fluido caloportador que llega a los locales. Se advierte que el aire es siempre el fluido que se trata de acondicionar, pero ello no quiere decir que sea siempre un fluido caloportador. Sistemas con refrigerante.<\/p>\n<p>El fluido refrigerante se lleva, por tuber\u00edas, a los evaporadores, situados en los locales a climatizar.<\/p>\n<p>La necesaria ventilaci\u00f3n ha de hacerse por otros medios.<\/p>\n<p><strong>Sistemas todo aire.<\/strong> A los locales no llega m\u00e1s que el aire tratado en un climatizador o UTA por medio de conductos e impulsado a trav\u00e9s de diversos tipos de rejillas o difusores. Dado que el caudal de aire m\u00ednimo exigible para ventilaci\u00f3n suele ser insuficiente para llevar la energ\u00eda t\u00e9rmica necesaria, hay que implantar sistemas de mezcla de aire de retorno con el aire exterior (de ventilaci\u00f3n o de renovaci\u00f3n), de lo que se encarga el climatizador.<\/p>\n<p><strong>Sistemas agua-aire.<\/strong> A los locales llega el aire de estricto de ventilaci\u00f3n tratado en un climatizador (llamado aire primario), pero con caudales insuficientes para transportar toda la energ\u00eda t\u00e9rmica necesaria, de modo que se suple esa falta mediante aparatos terminales a\u00f1adidos (ventiloconvectores, inductores) situados en los locales y alimentados por agua.<\/p>\n<p>Es este el sistema m\u00e1s caro de instalar, pero tiene muchas ventajas: el aire no se recircula, por lo que tampoco se recirculan olores de unos locales a otros; mejor regulaci\u00f3n de los par\u00e1metros de cada local teniendo en cuenta muy precisamente sus necesidades espec\u00edficas.<\/p>\n<p><strong>Sistemas todo agua.<\/strong> A los locales no llega m\u00e1s que agua que puede ser caliente o fr\u00eda. Cuando solamente se trate de calor (calefacci\u00f3n), se utilizar\u00edan como emisores los cl\u00e1sicos radiadores y cuando se trate de fr\u00edo (refrigeraci\u00f3n) o cuando haya las dos posibilidades (calor y fr\u00edo) se utilizar\u00e1n ventiloconvectores. Hay que resaltar que en este caso ser\u00e1 una climatizaci\u00f3n incompleta, pues la necesaria ventilaci\u00f3n ha de hacerse por otros medios.<\/p>\n","protected":false},"excerpt":{"rendered":"<p>Sistemas de climatizaci\u00f3n La climatizaci\u00f3n puede hacerse en un solo local (unitaria), frecuentemente con un aparato que produce y emite su energ\u00eda t\u00e9rmica, y centralizada, en la que un aparato produce la energ\u00eda t\u00e9rmica (calor o fr\u00edo), se lleva a los locales a climatizar por medio de conducciones y se emite por medio de emisores. [&hellip;]<\/p>\n","protected":false},"author":1,"featured_media":0,"parent":0,"menu_order":0,"comment_status":"closed","ping_status":"closed","template":"","meta":{"om_disable_all_campaigns":false},"aioseo_notices":[],"_links":{"self":[{"href":"https:\/\/www.construccionescasaalba.es\/2\/wp-json\/wp\/v2\/pages\/419"}],"collection":[{"href":"https:\/\/www.construccionescasaalba.es\/2\/wp-json\/wp\/v2\/pages"}],"about":[{"href":"https:\/\/www.construccionescasaalba.es\/2\/wp-json\/wp\/v2\/types\/page"}],"author":[{"embeddable":true,"href":"https:\/\/www.construccionescasaalba.es\/2\/wp-json\/wp\/v2\/users\/1"}],"replies":[{"embeddable":true,"href":"https:\/\/www.construccionescasaalba.es\/2\/wp-json\/wp\/v2\/comments?post=419"}],"version-history":[{"count":0,"href":"https:\/\/www.construccionescasaalba.es\/2\/wp-json\/wp\/v2\/pages\/419\/revisions"}],"wp:attachment":[{"href":"https:\/\/www.construccionescasaalba.es\/2\/wp-json\/wp\/v2\/media?parent=419"}],"curies":[{"name":"wp","href":"https:\/\/api.w.org\/{rel}","templated":true}]}}