{"id":417,"date":"2014-03-25T16:12:03","date_gmt":"2014-03-25T16:12:03","guid":{"rendered":"https:\/\/www.construccionescasaalba.es\/2\/climatizacion-y-ventilacion\/"},"modified":"2014-03-25T16:12:03","modified_gmt":"2014-03-25T16:12:03","slug":"climatizacion-y-ventilacion","status":"publish","type":"page","link":"https:\/\/www.construccionescasaalba.es\/2\/climatizacion-y-ventilacion\/","title":{"rendered":"Climatizaci\u00f3n y Ventilaci\u00f3n"},"content":{"rendered":"<h3 style=\"text-align: justify;\">Climatizaci\u00f3n y Ventilaci\u00f3n<\/h3>\n<h3>La climatizaci\u00f3n<\/h3>\n<p><strong>La climatizaci\u00f3n<\/strong> consiste en crear unas condiciones de<strong> temperatura<\/strong>, humedad y limpieza del aire adecuadas para la comodidad dentro de los espacios habitados.<\/p>\n<p>La normativa espa\u00f1ola define climatizaci\u00f3n como: dar a un espacio cerrado las condiciones de temperatura, humedad relativa, calidad del aire y, a veces, tambi\u00e9n de presi\u00f3n, necesarias para el bienestar de las personas y\/o la conservaci\u00f3n de las cosas.<\/p>\n<p>Puede apreciarse que se ha abandonado cualquier referencia al aire acondicionado, por ser una expresi\u00f3n que, aunque correcta, puede prestarse a equ\u00edvoco, ya que la mayor\u00eda de la gente parece entender que se refiere exclusivamente a la <strong>refrigeraci\u00f3n (climatizaci\u00f3n de verano)<\/strong>, aunque ser\u00eda m\u00e1s l\u00f3gico se refiriese al <strong>acondicionamiento del aire<\/strong> en todas las \u00e9pocas,<strong> verano e invierno.<\/strong><\/p>\n<p>As\u00ed pues, la climatizaci\u00f3n comprende tres cuestiones fundamentales: la ventilaci\u00f3n, la calefacci\u00f3n, o climatizaci\u00f3n de invierno, y la refrigeraci\u00f3n o climatizaci\u00f3n de verano.<\/p>\n<p>A partir de esta definici\u00f3n se desprende que el concepto climatizaci\u00f3n equivale a lo que en ingl\u00e9s se llama Heating, Ventilating and Air Conditioning, o por sus siglas HVAC, expresi\u00f3n en la que aparecen tres conceptos separados: <strong>ventilaci\u00f3n y calefacci\u00f3n<\/strong> por un lado y aire acondicionado por otro, luego se supone que, en ingl\u00e9s, esto \u00faltimo se entiende exclusivamente como refrigeraci\u00f3n.<\/p>\n<p>La climatizaci\u00f3n puede ser natural o artificial, aunque en lo que sigue se tratar\u00e1 exclusivamente de la artificial.<\/p>\n<p><img decoding=\"async\" loading=\"lazy\" class=\" size-full wp-image-415\" src=\"https:\/\/www.construccionescasaalba.es\/2\/wp-content\/uploads\/2014\/03\/IMG_20140225_081430.jpg\" border=\"0\" alt=\"\" width=\"153\" height=\"115\" \/><\/p>\n<h3>Condicionantes de la Climatizaci\u00f3n<\/h3>\n<p>La comodidad t\u00e9rmica, importante para el bienestar, est\u00e1 sujeta a tres factores:<\/p>\n<p>El factor humano: La manera de vestir, la actividad y el tiempo durante el cual las personas permanecen en la misma situaci\u00f3n, influye sobre la comodidad t\u00e9rmica.<\/p>\n<p>El aire: Su temperatura, velocidad y humedad relativa.<\/p>\n<p>El espacio: La temperatura radiante media de los paramentos del local considerado.<\/p>\n<p>Una cuesti\u00f3n importante es que la respuesta las personas puede ser muy variable, puesto que depende del gusto, la aclimataci\u00f3n o actividad realizada. Los otros factores pueden controlarse para ofrecer una sensaci\u00f3n de bienestar.<\/p>\n<p>El cambio de la manera de construir los edificios, los m\u00e9todos de trabajo, y los niveles de ocupaci\u00f3n han creado nuevos par\u00e1metros a los que los dise\u00f1adores ahora deben prestar atenci\u00f3n.<\/p>\n<p>Los edificios modernos sufren cargas t\u00e9rmicas por varios motivos:<\/p>\n<p>La temperatura exterior: los elementos separadores del interior de los edificios con el exterior no son impermeables al paso del calor, aunque pueden aislarse convenientemente. El calor pasa desde el ambiente m\u00e1s c\u00e1lido al ambiente m\u00e1s fr\u00edo tanto m\u00e1s deprisa cuanto mayor sea la diferencia de temperaturas entre ambos ambientes.<\/p>\n<p>La radiaci\u00f3n solar: Con el desarrollo de los nuevos edificios, las nuevas t\u00e9cnicas han favorecido el empleo del cristal y el incremento t\u00e9rmico es considerable en verano cuando la radiaci\u00f3n solar los atraviesa (efecto invernadero), pero es favorable en invierno, disminuyendo las necesidades de calefacci\u00f3n. El acristalamiento excesivo no es deseable en climas c\u00e1lidos, aunque puede serlo en climas fr\u00edos. Incluso en cerramientos opacos, no acristalados, en verano, el sol calienta la superficie exterior aumentando el salto t\u00e9rmico exterior interior y, por lo tanto el paso del calor por los cerramientos opacos.<\/p>\n<p>La ventilaci\u00f3n: La necesaria introducci\u00f3n de aire exterior en el edificio, para ventilaci\u00f3n, puede modificar la temperatura interna de \u00e9ste, lo cual puede suponer un problema cuando el aire exterior est\u00e1 a temperaturas alejadas de las requeridas en el interior.<\/p>\n<p>La ocupaci\u00f3n: El n\u00famero de ocupantes aumenta en los edificios, generando cada uno entre 80 y 150 W de carga t\u00e9rmica, seg\u00fan la actividad realizada.<\/p>\n<p>La ofim\u00e1tica: La proliferaci\u00f3n de aparatos electr\u00f3nicos, ordenadores, impresoras, y fotocopiadoras, que forman parte de las oficinas modernas, generan cargas t\u00e9rmicas importantes.<\/p>\n<p>La iluminaci\u00f3n: la iluminaci\u00f3n es un factor de calentamiento importante. Se estima en una carga de entre 15 a 25 W\/m\u00b2. Muchos Grandes Almacenes modernos pueden calentarse en invierno gracias \u00fanicamente a su sistema de iluminaci\u00f3n y al calor producido por los usuarios. Esta situaci\u00f3n es bastante frecuente en Europa. Evidentemente, muchas de estas cargas son favorables en invierno, pero no en verano. Todas ellas deben ser compensadas si se desea obtener un ambiente confortable en verano.<\/p>\n<p>El medio de asegurar esta comodidad es la climatizaci\u00f3n.<\/p>\n<p>\u00a0<\/p>\n<p><img decoding=\"async\" loading=\"lazy\" class=\" size-full wp-image-416\" src=\"https:\/\/www.construccionescasaalba.es\/2\/wp-content\/uploads\/2014\/03\/2013-11-28-15.29.07.jpg\" border=\"0\" alt=\"\" width=\"255\" height=\"193\" style=\"width: 139px; height: 124px;\" \/><\/p>\n<p>\u00a0<\/p>\n<p>\u00a0<\/p>\n<p>\u00a0<\/p>\n<p>\u00a0<\/p>\n<p>\u00a0<\/p>\n<p>\u00a0<\/p>\n","protected":false},"excerpt":{"rendered":"<p>Climatizaci\u00f3n y Ventilaci\u00f3n La climatizaci\u00f3n La climatizaci\u00f3n consiste en crear unas condiciones de temperatura, humedad y limpieza del aire adecuadas para la comodidad dentro de los espacios habitados. La normativa espa\u00f1ola define climatizaci\u00f3n como: dar a un espacio cerrado las condiciones de temperatura, humedad relativa, calidad del aire y, a veces, tambi\u00e9n de presi\u00f3n, necesarias [&hellip;]<\/p>\n","protected":false},"author":1,"featured_media":415,"parent":0,"menu_order":1,"comment_status":"closed","ping_status":"closed","template":"","meta":{"om_disable_all_campaigns":false},"aioseo_notices":[],"_links":{"self":[{"href":"https:\/\/www.construccionescasaalba.es\/2\/wp-json\/wp\/v2\/pages\/417"}],"collection":[{"href":"https:\/\/www.construccionescasaalba.es\/2\/wp-json\/wp\/v2\/pages"}],"about":[{"href":"https:\/\/www.construccionescasaalba.es\/2\/wp-json\/wp\/v2\/types\/page"}],"author":[{"embeddable":true,"href":"https:\/\/www.construccionescasaalba.es\/2\/wp-json\/wp\/v2\/users\/1"}],"replies":[{"embeddable":true,"href":"https:\/\/www.construccionescasaalba.es\/2\/wp-json\/wp\/v2\/comments?post=417"}],"version-history":[{"count":0,"href":"https:\/\/www.construccionescasaalba.es\/2\/wp-json\/wp\/v2\/pages\/417\/revisions"}],"wp:featuredmedia":[{"embeddable":true,"href":"https:\/\/www.construccionescasaalba.es\/2\/wp-json\/wp\/v2\/media\/415"}],"wp:attachment":[{"href":"https:\/\/www.construccionescasaalba.es\/2\/wp-json\/wp\/v2\/media?parent=417"}],"curies":[{"name":"wp","href":"https:\/\/api.w.org\/{rel}","templated":true}]}}