{"id":407,"date":"2014-03-24T15:13:36","date_gmt":"2014-03-24T15:13:36","guid":{"rendered":"https:\/\/www.construccionescasaalba.es\/2\/proyecto-para-autorizaciones-sanitarias-de-instalacion-y-de-funcionamiento\/"},"modified":"2014-03-24T15:13:36","modified_gmt":"2014-03-24T15:13:36","slug":"proyecto-para-autorizaciones-sanitarias-de-instalacion-y-de-funcionamiento","status":"publish","type":"page","link":"https:\/\/www.construccionescasaalba.es\/2\/proyecto-para-autorizaciones-sanitarias-de-instalacion-y-de-funcionamiento\/","title":{"rendered":"Proyecto para Autorizaciones sanitarias de instalaci\u00f3n y de funcionamiento"},"content":{"rendered":"<h3>Proyecto para Autorizaciones sanitarias de instalaci\u00f3n y de funcionamiento Sevilla\u00a0<\/h3>\n<p><strong>Autorizaciones sanitarias de instalaci\u00f3n y de funcionamiento<\/strong> <strong>y registro de centros, servicios y establecimientos sanitarios, p\u00fablicos o privados, ubicados en el territorio de la Comunidad Aut\u00f3noma de Andaluc\u00eda.<\/strong><\/p>\n<p>Estar\u00e1n exclu\u00eddos, regul\u00e1ndose por su <strong>normativa espec\u00edfica, a los siguientes centros, servicios y establecimientos sanitarios<\/strong>:<\/p>\n<p>a) Oficinas de farmacia y botiquines vinculados a ellas.<\/p>\n<p>b) Los bancos de tejidos.<\/p>\n<p>c) Cualquier otro tipo de centro, servicio y establecimiento sanitario sometido a un r\u00e9gimen de autorizaci\u00f3n espec\u00edfico.<\/p>\n<p>Los centros, servicios o establecimientos sanitarios de nueva creaci\u00f3n y los que efect\u00faen alteraciones sustanciales en su estructura funcional o f\u00edsica, que impliquen la realizaci\u00f3n de obra nueva, precisar\u00e1n de <strong>autorizaci\u00f3n sanitaria<\/strong> previa de instalaci\u00f3n.<\/p>\n<p>La <strong>autorizaci\u00f3n sanitaria de funcionamiento<\/strong> es la que faculta a los <strong>centros, servicios y establecimientos sanitarios, p\u00fablicos y privados<\/strong>, para realizar su actividad, y ser\u00e1 otorgada para cada establecimiento y para cada centro, as\u00ed como para cada uno de los servicios que constituyen su oferta asistencial.<\/p>\n<p>La<strong> autorizaci\u00f3n sanitaria<\/strong> de modificaci\u00f3n es la que solicitar\u00e1n los centros, servicios y establecimientos sanitarios que realicen cambios en su titularidad, en su oferta asistencial, o lleven a cabo alteraciones no sustanciales en la <strong>estructura funcional o f\u00edsica de los centros, servicios o establecimientos sanitarios<\/strong> ya autorizados.<\/p>\n","protected":false},"excerpt":{"rendered":"<p>Proyecto para Autorizaciones sanitarias de instalaci\u00f3n y de funcionamiento Sevilla\u00a0 Autorizaciones sanitarias de instalaci\u00f3n y de funcionamiento y registro de centros, servicios y establecimientos sanitarios, p\u00fablicos o privados, ubicados en el territorio de la Comunidad Aut\u00f3noma de Andaluc\u00eda. Estar\u00e1n exclu\u00eddos, regul\u00e1ndose por su normativa espec\u00edfica, a los siguientes centros, servicios y establecimientos sanitarios: a) Oficinas [&hellip;]<\/p>\n","protected":false},"author":1,"featured_media":0,"parent":0,"menu_order":3,"comment_status":"closed","ping_status":"closed","template":"","meta":{"om_disable_all_campaigns":false},"aioseo_notices":[],"_links":{"self":[{"href":"https:\/\/www.construccionescasaalba.es\/2\/wp-json\/wp\/v2\/pages\/407"}],"collection":[{"href":"https:\/\/www.construccionescasaalba.es\/2\/wp-json\/wp\/v2\/pages"}],"about":[{"href":"https:\/\/www.construccionescasaalba.es\/2\/wp-json\/wp\/v2\/types\/page"}],"author":[{"embeddable":true,"href":"https:\/\/www.construccionescasaalba.es\/2\/wp-json\/wp\/v2\/users\/1"}],"replies":[{"embeddable":true,"href":"https:\/\/www.construccionescasaalba.es\/2\/wp-json\/wp\/v2\/comments?post=407"}],"version-history":[{"count":0,"href":"https:\/\/www.construccionescasaalba.es\/2\/wp-json\/wp\/v2\/pages\/407\/revisions"}],"wp:attachment":[{"href":"https:\/\/www.construccionescasaalba.es\/2\/wp-json\/wp\/v2\/media?parent=407"}],"curies":[{"name":"wp","href":"https:\/\/api.w.org\/{rel}","templated":true}]}}