{"id":369,"date":"2014-03-12T15:34:34","date_gmt":"2014-03-12T15:34:34","guid":{"rendered":"https:\/\/www.construccionescasaalba.es\/2\/insonorizacion-de-locales-discotecas-pubs\/"},"modified":"2014-03-12T15:34:34","modified_gmt":"2014-03-12T15:34:34","slug":"insonorizacion-de-locales-discotecas-pubs","status":"publish","type":"page","link":"https:\/\/www.construccionescasaalba.es\/2\/insonorizacion-de-locales-discotecas-pubs\/","title":{"rendered":"Insonorizaci\u00f3n de locales, discotecas, pubs"},"content":{"rendered":"<h3>Insonorizaci\u00f3n de locales, discotecas, pubs.<\/h3>\n<p><strong>Casa Alba<\/strong> realiza las obras necesarias para <strong>insonorizar<\/strong> un local para todo tipo de actividades, en que se generan grandes <strong>niveles de ruido<\/strong>, estando especializados en los <strong>aislamientos ac\u00fasticos<\/strong> de alto rendimiento como puede ser la <strong>insonorizaci\u00f3n de discotecas y pubs o el aislamiento y acondicionamiento ac\u00fastico de salas de conciertos y eventos<\/strong>.<\/p>\n<p>En estos casos, los aislamientos se construyen integralmente, esto es, <strong>tratando suelos, techos, paredes, pilares, bajantes, puertas, ventanas, ventilaciones con silenciadores, m\u00e1quinas de aire acondicionado, etc<\/strong>. Sistemas de m\u00e1ximas prestaciones en tiempos record de ejecuci\u00f3n, que permiten al propietario de estos negocios permanecer cerrado el menor tiempo posible, mientras se realiza la obra, aunque tambi\u00e9n tenemos experiencia, siempre que las condiciones lo permitan, en realizar obras de<strong> insonorizaci\u00f3n por fases<\/strong>, lo que permite seguir funcionando con parte del local abierto o ejecutar estos trabajos entre semana para permitir la apertura del local en fines de semana que es cuando m\u00e1s facturan estos negocios.<\/p>\n<p>Estamos a su disposici\u00f3n para asesorarle con la <strong>insonorizaci\u00f3n de su local<\/strong> y darle presupuesto de <strong>aislamiento ac\u00fastico<\/strong> sin compromiso con la mejor relaci\u00f3n calidad-precio del mercado.<\/p>\n","protected":false},"excerpt":{"rendered":"<p>Insonorizaci\u00f3n de locales, discotecas, pubs. Casa Alba realiza las obras necesarias para insonorizar un local para todo tipo de actividades, en que se generan grandes niveles de ruido, estando especializados en los aislamientos ac\u00fasticos de alto rendimiento como puede ser la insonorizaci\u00f3n de discotecas y pubs o el aislamiento y acondicionamiento ac\u00fastico de salas de [&hellip;]<\/p>\n","protected":false},"author":1,"featured_media":0,"parent":0,"menu_order":5,"comment_status":"closed","ping_status":"closed","template":"","meta":{"om_disable_all_campaigns":false},"aioseo_notices":[],"_links":{"self":[{"href":"https:\/\/www.construccionescasaalba.es\/2\/wp-json\/wp\/v2\/pages\/369"}],"collection":[{"href":"https:\/\/www.construccionescasaalba.es\/2\/wp-json\/wp\/v2\/pages"}],"about":[{"href":"https:\/\/www.construccionescasaalba.es\/2\/wp-json\/wp\/v2\/types\/page"}],"author":[{"embeddable":true,"href":"https:\/\/www.construccionescasaalba.es\/2\/wp-json\/wp\/v2\/users\/1"}],"replies":[{"embeddable":true,"href":"https:\/\/www.construccionescasaalba.es\/2\/wp-json\/wp\/v2\/comments?post=369"}],"version-history":[{"count":0,"href":"https:\/\/www.construccionescasaalba.es\/2\/wp-json\/wp\/v2\/pages\/369\/revisions"}],"wp:attachment":[{"href":"https:\/\/www.construccionescasaalba.es\/2\/wp-json\/wp\/v2\/media?parent=369"}],"curies":[{"name":"wp","href":"https:\/\/api.w.org\/{rel}","templated":true}]}}