{"id":339,"date":"2014-03-07T15:35:48","date_gmt":"2014-03-07T15:35:48","guid":{"rendered":"https:\/\/www.construccionescasaalba.es\/2\/sistema-de-extincion-de-incendios-por-gases-aplicaciones-mas-frecuentes\/"},"modified":"2014-03-07T15:35:48","modified_gmt":"2014-03-07T15:35:48","slug":"sistema-de-extincion-de-incendios-por-gases-aplicaciones-mas-frecuentes","status":"publish","type":"page","link":"https:\/\/www.construccionescasaalba.es\/2\/sistema-de-extincion-de-incendios-por-gases-aplicaciones-mas-frecuentes\/","title":{"rendered":"Sistema de extinci\u00f3n de incendios por gases &#8211; Aplicaciones m\u00e1s frecuentes"},"content":{"rendered":"<h3>Sistema de extinci\u00f3n de incendios por gases &#8211; Aplicaciones m\u00e1s frecuentes<\/h3>\n<p>Los sistemas de extinci\u00f3n autom\u00e1tico de incendios por gases se aplican b\u00e1sicamente a riesgos que est\u00e9n cerrados de forma m\u00e1s o menos herm\u00e9tica en la que la concentraci\u00f3n del gas ocupa la totalidad del riesgo a controlar, desplazando el ox\u00edgeno y de esta forma extinguiendo el incendio. Los ejemplos m\u00e1s claros son salas inform\u00e1ticas, CPD, cuartos de cuadros el\u00e9ctrico, generadores y en definitiva aquellas instalaciones en las que se requiere una protecci\u00f3n sin da\u00f1os colaterales provocados por el agente extintor como museos, galer\u00edas de arte, etc.<\/p>\n<h3>Aplicaciones<\/h3>\n<p>Los sistemas de extinci\u00f3n de incendios por gases se dise\u00f1an en base al volumen a proteger pudiendo ser un sistema de actuaci\u00f3n por aplicaci\u00f3n local o inundaci\u00f3n total seg\u00fan sea el riesgo a proteger.<\/p>\n<p>Se denomina sistema de extinci\u00f3n por gases de aplicaci\u00f3n local o parcial cuando se protege un espacio abierto en el que el riesgo de incendio est\u00e1 definido emple\u00e1ndose gases licuados para la correcta extinci\u00f3n del incendio que incidir\u00e1n directamente sobre el riego a proteger. En este caso lo ejemplos m\u00e1s ilustrativos son cuadros el\u00e9ctricos en el interior de una sala, protegi\u00e9ndose \u00fanicamente el interior de los cuadros, campanas de cocina, etc.<\/p>\n<p>Se denomina sistema de extinci\u00f3n por gases de inundaci\u00f3n total cuando se protege un espacio cerrado en el que el riesgo de incendio puede ser por causas m\u00faltiples emple\u00e1ndose gases que inundar\u00e1n totalmente el recinto En este caso un ejemplo ser\u00eda la protecci\u00f3n total de una sala inform\u00e1tica o de un archivo en el que se almacenan documentos de vital importancia, salas CPD, etc.<\/p>\n<p>Las normativas para el dise\u00f1o de sistemas de extinci\u00f3n de incendios por sistemas de extinci\u00f3n de incendios por gases son b\u00e1sicamente: UNE 23570 a 23577 , NFPA 2001, ISO 14520, NFPA 12 o CEPREVEN R.T.4.<\/p>\n","protected":false},"excerpt":{"rendered":"<p>Sistema de extinci\u00f3n de incendios por gases &#8211; Aplicaciones m\u00e1s frecuentes Los sistemas de extinci\u00f3n autom\u00e1tico de incendios por gases se aplican b\u00e1sicamente a riesgos que est\u00e9n cerrados de forma m\u00e1s o menos herm\u00e9tica en la que la concentraci\u00f3n del gas ocupa la totalidad del riesgo a controlar, desplazando el ox\u00edgeno y de esta forma [&hellip;]<\/p>\n","protected":false},"author":1,"featured_media":0,"parent":0,"menu_order":3,"comment_status":"closed","ping_status":"closed","template":"","meta":{"om_disable_all_campaigns":false},"aioseo_notices":[],"_links":{"self":[{"href":"https:\/\/www.construccionescasaalba.es\/2\/wp-json\/wp\/v2\/pages\/339"}],"collection":[{"href":"https:\/\/www.construccionescasaalba.es\/2\/wp-json\/wp\/v2\/pages"}],"about":[{"href":"https:\/\/www.construccionescasaalba.es\/2\/wp-json\/wp\/v2\/types\/page"}],"author":[{"embeddable":true,"href":"https:\/\/www.construccionescasaalba.es\/2\/wp-json\/wp\/v2\/users\/1"}],"replies":[{"embeddable":true,"href":"https:\/\/www.construccionescasaalba.es\/2\/wp-json\/wp\/v2\/comments?post=339"}],"version-history":[{"count":0,"href":"https:\/\/www.construccionescasaalba.es\/2\/wp-json\/wp\/v2\/pages\/339\/revisions"}],"wp:attachment":[{"href":"https:\/\/www.construccionescasaalba.es\/2\/wp-json\/wp\/v2\/media?parent=339"}],"curies":[{"name":"wp","href":"https:\/\/api.w.org\/{rel}","templated":true}]}}