{"id":325,"date":"2014-03-07T14:51:59","date_gmt":"2014-03-07T14:51:59","guid":{"rendered":"https:\/\/www.construccionescasaalba.es\/2\/agua-pulverizada-para-refrigeracion-componentes-del-sistema\/"},"modified":"2014-03-07T14:51:59","modified_gmt":"2014-03-07T14:51:59","slug":"agua-pulverizada-para-refrigeracion-componentes-del-sistema","status":"publish","type":"page","link":"https:\/\/www.construccionescasaalba.es\/2\/agua-pulverizada-para-refrigeracion-componentes-del-sistema\/","title":{"rendered":"Agua pulverizada para refrigeraci\u00f3n &#8211; Componentes del sistema"},"content":{"rendered":"<h3>Agua pulverizada para refrigeraci\u00f3n &#8211; Componentes del sistema<\/h3>\n<p>Los componentes de un sistema de agua pulverizada son un abastecimiento de agua compuesto habitualmente por un dep\u00f3sito de agua con la cantidad de agua necesaria para la reserva h\u00eddrica, un grupo de presi\u00f3n que impulse el agua capaz de suministrar las necesidades de caudal y presi\u00f3n dise\u00f1adas, una v\u00e1lvula de control (habitualmente) de diluvio que controla el sistema de agua pulverizada y retiene el agua aguas arriba de la instalaci\u00f3n, una red de tuber\u00edas galvanizada ya que estos sistemas acostumbran a ser secos ( la tuber\u00eda no contiene el agua en su interior), filtros que eviten la obturaci\u00f3n de boquillas por cuerpos como piedras o metales que puedan existir en el agua almacenada y por \u00faltimo los puntos de descarga que ser\u00e1n las boquillas de pulverizaci\u00f3n.<\/p>\n<h3>PCA<\/h3>\n<p>Los sistemas de extinci\u00f3n mediante agua pulverizada pueden actuarse o bien de forma manual (local o remoto) o de forma autom\u00e1tica. Los sistemas remotos suelen ser los m\u00e1s empleados ya que la velocidad de respuesta es mayor y los riesgos a proteger mediante estos sistemas suelen ser parque de dep\u00f3sitos, cargaderos, maquinaria, etc. que est\u00e1n en exteriores y en el que la ocupaci\u00f3n de personal no es de forma contin\u00faa o habitual.<\/p>\n<p>Las boquillas de pulverizaci\u00f3n suelen ser abiertas ya que estos sistemas suelen ser de diluvio (descarga total del sistema), y pueden ser de tipo de chorro lleno o de chorro plano. El tipo de boquillas se selecciona en funci\u00f3n a la densidad a descargar y el \u00e1rea a proteger. Las boquillas de chorro lleno descargan de forma silimar a los rociadores o sprinklers, creando una descarga en volumen tridimensional y de gran orificio sobre el riesgo a proteger, este tipo de boquillas se suele emplear para refrigeraci\u00f3n de superficies sobre las que se pretende proyectar gran cantidad de agua constante y con una distribuci\u00f3n homog\u00e9nea de las gotas pulverizadas. Las boquillas de chorro plano como su nombre indica descargan en plano, creando un abanico sobre el riesgo a proteger, este tipo de boquillas se suele emplear para la refrigeraci\u00f3n de dep\u00f3sitos o estructuras sobre las que se pretende una descarga uniforme sobre la estructura a refrigerar y considerando el \u201cchorreo\u201d del agua proyectada sobre la estructura.<\/p>\n<p>Para el dise\u00f1o y distribuci\u00f3n de las boquillas sobre los riesgos han de tenerse en cuenta factores como el viento y el solape de las proyecciones de agua sobre el riesgo, es por ello que se ha de realizar un estudio exhaustivo de los riesgos a proteger y los posibles factores que pueden incidir en el modo de la proyecci\u00f3n y en la correcta pulverizaci\u00f3n del agua.<\/p>\n","protected":false},"excerpt":{"rendered":"<p>Agua pulverizada para refrigeraci\u00f3n &#8211; Componentes del sistema Los componentes de un sistema de agua pulverizada son un abastecimiento de agua compuesto habitualmente por un dep\u00f3sito de agua con la cantidad de agua necesaria para la reserva h\u00eddrica, un grupo de presi\u00f3n que impulse el agua capaz de suministrar las necesidades de caudal y presi\u00f3n [&hellip;]<\/p>\n","protected":false},"author":1,"featured_media":0,"parent":0,"menu_order":10,"comment_status":"closed","ping_status":"closed","template":"","meta":{"om_disable_all_campaigns":false},"aioseo_notices":[],"_links":{"self":[{"href":"https:\/\/www.construccionescasaalba.es\/2\/wp-json\/wp\/v2\/pages\/325"}],"collection":[{"href":"https:\/\/www.construccionescasaalba.es\/2\/wp-json\/wp\/v2\/pages"}],"about":[{"href":"https:\/\/www.construccionescasaalba.es\/2\/wp-json\/wp\/v2\/types\/page"}],"author":[{"embeddable":true,"href":"https:\/\/www.construccionescasaalba.es\/2\/wp-json\/wp\/v2\/users\/1"}],"replies":[{"embeddable":true,"href":"https:\/\/www.construccionescasaalba.es\/2\/wp-json\/wp\/v2\/comments?post=325"}],"version-history":[{"count":0,"href":"https:\/\/www.construccionescasaalba.es\/2\/wp-json\/wp\/v2\/pages\/325\/revisions"}],"wp:attachment":[{"href":"https:\/\/www.construccionescasaalba.es\/2\/wp-json\/wp\/v2\/media?parent=325"}],"curies":[{"name":"wp","href":"https:\/\/api.w.org\/{rel}","templated":true}]}}