{"id":307,"date":"2014-03-06T14:48:00","date_gmt":"2014-03-06T14:48:00","guid":{"rendered":"https:\/\/www.construccionescasaalba.es\/2\/componentes-y-tecnologia-de-los-sistemas-de-deteccion-y-alarma\/"},"modified":"2014-03-06T14:48:00","modified_gmt":"2014-03-06T14:48:00","slug":"componentes-y-tecnologia-de-los-sistemas-de-deteccion-y-alarma","status":"publish","type":"page","link":"https:\/\/www.construccionescasaalba.es\/2\/componentes-y-tecnologia-de-los-sistemas-de-deteccion-y-alarma\/","title":{"rendered":"Componentes y tecnolog\u00eda de los sistemas de detecci\u00f3n y alarma"},"content":{"rendered":"<h3>Detecci\u00f3n de incendios y gases inflamables &#8211; Componentes y tecnolog\u00eda de los sistemas de detecci\u00f3n y alarma<\/h3>\n<p>Los sistemas de detecci\u00f3n y alarma de incendios est\u00e1n compuestos principalmente por los siguientes elementos:<\/p>\n<h3>Central de detecci\u00f3n de incendios (CDI)<\/h3>\n<p>La CDI es el componente que recibe la informaci\u00f3n de los sensores y\/o pulsadores, comunica la alarma de incendio al usuario, activa las se\u00f1ales oportunas para realizar las maniobras previamente programadas y activa las sirenas de alarma.<\/p>\n<h3>Detectores de incendio o sensores autom\u00e1ticos<\/h3>\n<p>Los detectores de incendio son los elementos que env\u00edan la se\u00f1al de alarma de manera autom\u00e1tica a la CDI. Pulsadores manuales de alarma Los pulsadores son dispositivos que se accionan manualmente por los ocupantes cuando \u00e9stos detectan la existencia de un incendio. Los pulsadores sirven para la detecci\u00f3n manual.<\/p>\n<h3>Sirenas de alarma<\/h3>\n<p>Estos dispositivos son avisadores ac\u00fasticos u \u00f3ptico-ac\u00fasticos que tienen la funci\u00f3n de comunicar la alarma de incendios en el edificio o zona donde se produce el incendio. Los sistemas de detecci\u00f3n y alarma de incendios pueden clasificarse, seg\u00fan la tecnolog\u00eda que estos elementos utilizan a nivel interno, en dos tipos:<\/p>\n<h3>Equipos Convencionales<\/h3>\n<p>Los sistemas convencionales son conceptualmente m\u00e1s sencillos. \u00c9stos identifican la alarma en una zona de detecci\u00f3n y se utilizan habitualmente para superficies di\u00e1fanas en edificios o almacenes de dimensiones limitadas, donde no es imprescindible conocer el punto exacto donde se produce la alarma, ni tampoco es necesario realizar maniobras sobre otros equipos o instalaciones.<\/p>\n<h3>Sistemas anal\u00f3gicos<\/h3>\n<p>Los sistemas basados en tecnolog\u00eda anal\u00f3gica permiten la localizaci\u00f3n puntual de la alarma y ofrecen unas mayores prestaciones a en cuanto a maniobras sobre otras instalaciones. Son m\u00e1s adecuados para edificios con numerosos habit\u00e1culos o plantas, donde se requiere poner en marcha planes de actuaci\u00f3n m\u00e1s complejos en caso de incendio y\/o actuar sobre otras instalaciones o maquinaria.<\/p>\n","protected":false},"excerpt":{"rendered":"<p>Detecci\u00f3n de incendios y gases inflamables &#8211; Componentes y tecnolog\u00eda de los sistemas de detecci\u00f3n y alarma Los sistemas de detecci\u00f3n y alarma de incendios est\u00e1n compuestos principalmente por los siguientes elementos: Central de detecci\u00f3n de incendios (CDI) La CDI es el componente que recibe la informaci\u00f3n de los sensores y\/o pulsadores, comunica la alarma [&hellip;]<\/p>\n","protected":false},"author":1,"featured_media":0,"parent":0,"menu_order":18,"comment_status":"closed","ping_status":"closed","template":"","meta":{"om_disable_all_campaigns":false},"aioseo_notices":[],"_links":{"self":[{"href":"https:\/\/www.construccionescasaalba.es\/2\/wp-json\/wp\/v2\/pages\/307"}],"collection":[{"href":"https:\/\/www.construccionescasaalba.es\/2\/wp-json\/wp\/v2\/pages"}],"about":[{"href":"https:\/\/www.construccionescasaalba.es\/2\/wp-json\/wp\/v2\/types\/page"}],"author":[{"embeddable":true,"href":"https:\/\/www.construccionescasaalba.es\/2\/wp-json\/wp\/v2\/users\/1"}],"replies":[{"embeddable":true,"href":"https:\/\/www.construccionescasaalba.es\/2\/wp-json\/wp\/v2\/comments?post=307"}],"version-history":[{"count":0,"href":"https:\/\/www.construccionescasaalba.es\/2\/wp-json\/wp\/v2\/pages\/307\/revisions"}],"wp:attachment":[{"href":"https:\/\/www.construccionescasaalba.es\/2\/wp-json\/wp\/v2\/media?parent=307"}],"curies":[{"name":"wp","href":"https:\/\/api.w.org\/{rel}","templated":true}]}}