{"id":269,"date":"2014-02-07T14:22:06","date_gmt":"2014-02-07T14:22:06","guid":{"rendered":"https:\/\/www.construccionescasaalba.es\/2\/fontaneria\/"},"modified":"2014-02-07T14:22:06","modified_gmt":"2014-02-07T14:22:06","slug":"fontaneria","status":"publish","type":"page","link":"https:\/\/www.construccionescasaalba.es\/2\/fontaneria\/","title":{"rendered":"Fontaner\u00eda Sevilla"},"content":{"rendered":"<h3>Instalaci\u00f3n de Fontaner\u00eda<\/h3>\n<p>Dise\u00f1o, ejecuci\u00f3n, reparaci\u00f3n y mantenimiento de Instalaciones de Fontaner\u00eda.<\/p>\n<p>Realizamos:<\/p>\n<ul>\n<li>Instalaci\u00f3n Interior de fontaner\u00eda en Cuarto h\u00famedo.<\/li>\n<li>Instalaciones de fontaner\u00eda en Bares.<\/li>\n<li>Instalaci\u00f3n de\u00a0Red Saneamiento.<\/li>\n<li>Salubridad.<\/li>\n<li>Red Colgada.<\/li>\n<li>Red Enterrada.<\/li>\n<li>Arquetas Sif\u00f3nicas, de paso y a pie de bajante.<\/li>\n<li>Arquetas Separadoras de grasas.<\/li>\n<li>Instalaci\u00f3n de Ba\u00f1os Instalaci\u00f3n de Cocinas.<\/li>\n<li>Contadores.<\/li>\n<li>Grupos de presi\u00f3n.<\/li>\n<li>Sistemas de Tratamiento de aguas.<\/li>\n<li>Osmosis.<\/li>\n<li>Bajantes.<\/li>\n<li>Canalones.<\/li>\n<li>Sumideros.<\/li>\n<\/ul>\n<p>\u00a0<\/p>\n","protected":false},"excerpt":{"rendered":"<p>Instalaci\u00f3n de Fontaner\u00eda Dise\u00f1o, ejecuci\u00f3n, reparaci\u00f3n y mantenimiento de Instalaciones de Fontaner\u00eda. Realizamos: Instalaci\u00f3n Interior de fontaner\u00eda en Cuarto h\u00famedo. Instalaciones de fontaner\u00eda en Bares. Instalaci\u00f3n de\u00a0Red Saneamiento. Salubridad. Red Colgada. Red Enterrada. Arquetas Sif\u00f3nicas, de paso y a pie de bajante. Arquetas Separadoras de grasas. Instalaci\u00f3n de Ba\u00f1os Instalaci\u00f3n de Cocinas. Contadores. Grupos de [&hellip;]<\/p>\n","protected":false},"author":1,"featured_media":0,"parent":0,"menu_order":12,"comment_status":"closed","ping_status":"closed","template":"","meta":{"om_disable_all_campaigns":false},"aioseo_notices":[],"_links":{"self":[{"href":"https:\/\/www.construccionescasaalba.es\/2\/wp-json\/wp\/v2\/pages\/269"}],"collection":[{"href":"https:\/\/www.construccionescasaalba.es\/2\/wp-json\/wp\/v2\/pages"}],"about":[{"href":"https:\/\/www.construccionescasaalba.es\/2\/wp-json\/wp\/v2\/types\/page"}],"author":[{"embeddable":true,"href":"https:\/\/www.construccionescasaalba.es\/2\/wp-json\/wp\/v2\/users\/1"}],"replies":[{"embeddable":true,"href":"https:\/\/www.construccionescasaalba.es\/2\/wp-json\/wp\/v2\/comments?post=269"}],"version-history":[{"count":0,"href":"https:\/\/www.construccionescasaalba.es\/2\/wp-json\/wp\/v2\/pages\/269\/revisions"}],"wp:attachment":[{"href":"https:\/\/www.construccionescasaalba.es\/2\/wp-json\/wp\/v2\/media?parent=269"}],"curies":[{"name":"wp","href":"https:\/\/api.w.org\/{rel}","templated":true}]}}