{"id":267,"date":"2014-02-07T11:34:08","date_gmt":"2014-02-07T11:34:08","guid":{"rendered":"https:\/\/www.construccionescasaalba.es\/2\/instalaciones-electricas-sevilla\/"},"modified":"2020-04-29T06:33:55","modified_gmt":"2020-04-29T06:33:55","slug":"instalaciones-electricas-sevilla","status":"publish","type":"page","link":"https:\/\/www.construccionescasaalba.es\/2\/instalaciones-electricas-sevilla\/","title":{"rendered":"Instalaci\u00f3n El\u00e9ctrica Sevilla"},"content":{"rendered":"\n<div class=\"wp-block-image\"><figure class=\"alignleft is-resized\"><img decoding=\"async\" loading=\"lazy\" src=\"https:\/\/www.construccionescasaalba.es\/2\/wp-content\/uploads\/2019\/09\/2014-01-02-08.37.05-768x1024.jpg\" alt=\"\" class=\"wp-image-484\" width=\"159\" height=\"212\"\/><figcaption>Electricidad Sevilla<\/figcaption><\/figure><\/div>\n\n\n\n<p>CASA ALBA <strong>Instalaciones el\u00e9ctricas<\/strong>, desarrolla una\nactividad profesional iniciada en el pasado a\u00f1o 2006, dedic\u00e1ndose a ejecutar\nInstalaciones El\u00e9ctricas, Telecomunicaciones y Dom\u00f3tica. <\/p>\n\n\n\n<p>Con nuestras <strong>instalaciones el\u00e9ctricas<\/strong> realizadas tanto\nen Viviendas, como en Locales Comerciales, Oficinas y Naves Industriales en\nSevilla y toda Andaluc\u00eda,&nbsp; nuestra\nposici\u00f3n se ha afianzado en el mercado de las instaladoras en Andaluc\u00eda.<\/p>\n\n\n\n<p>Nuestras <strong>instalaciones<\/strong> cumplen con los mayores est\u00e1ndares\nde <strong>seguridad <\/strong>y funcionalidad, sin dejar atr\u00e1s el ahorro, informando al\ncliente de cu\u00e1les son sus m\u00e1s estrictas necesidades en su <strong>instalaci\u00f3n\nel\u00e9ctrica<\/strong>, de <strong>telecomunicaciones<\/strong> o <strong>dom\u00f3tica<\/strong>, para cumplir con\nla normativa exigible seg\u00fan su campo de aplicaci\u00f3n. Ser\u00e1 por petici\u00f3n expresa\nde nuestros clientes cuando se elaboren propuestas de mejoras y observaciones a\nsus instalaciones.<\/p>\n\n\n\n<p><strong>\u00c1mbito de actuaci\u00f3n:<\/strong><\/p>\n\n\n\n<p><strong>-Instalaci\u00f3n el\u00e9ctrica viviendas en Sevilla. <\/strong><\/p>\n\n\n\n<p><strong>-Automatismo y Control.<\/strong><\/p>\n\n\n\n<p><strong>-Aut\u00f3matas programables.<\/strong><\/p>\n\n\n\n<p><strong>-Iluminaci\u00f3n Interior y Exterior. (Proyectos, estudios, venta\ny ejecuci\u00f3n de instalaciones).<\/strong><\/p>\n\n\n\n<p><strong>-Dom\u00f3tica.<\/strong><\/p>\n\n\n\n<p><strong>-Sistemas de Ahorro Energ\u00e9tico<\/strong>.<\/p>\n\n\n\n<p><strong>Instaladora Autorizada en Baja Tensi\u00f3n<\/strong> n\u00ba 28596420Z \u2013\nCCI-4064 del Registro de la Consejer\u00eda de Innovaci\u00f3n, Ciencia y Empresa de la\nJunta de Andaluc\u00eda.<\/p>\n\n\n\n<p><strong>Servicios que ofrecemos<\/strong>:<\/p>\n\n\n\n<p>Instalaciones El\u00e9ctricas Industriales.<\/p>\n\n\n\n<p>Instalaciones El\u00e9ctricas Locales y Naves.<\/p>\n\n\n\n<p>Instalaciones El\u00e9ctricas a residenciales.<\/p>\n\n\n\n<p>Electricidad Industrial.<\/p>\n\n\n\n<p>Reparaciones y Aver\u00edas El\u00e9ctricas.<\/p>\n\n\n\n<p>Bolet\u00edn Instalaci\u00f3n El\u00e9ctrica de Baja Tensi\u00f3n.<\/p>\n\n\n\n<p>Ingenier\u00eda y ejecuci\u00f3n llave en mano de instalaciones.<\/p>\n\n\n\n<p>Proyectos t\u00e9cnicos y direcci\u00f3n de obra de instalaciones.<\/p>\n\n\n\n<p>Certificaciones de Eficiencia Energ\u00e9tica.<\/p>\n\n\n\n<p>Asesor\u00eda en eficiencia energ\u00e9tica y reducci\u00f3n de consumos.<\/p>\n\n\n\n<p>Ejecuci\u00f3n de dom\u00f3tica, sistemas de control y automatizaci\u00f3n.<\/p>\n\n\n\n<p>Mantenimiento de instalaciones. Peritaciones, tasaciones y\nvaloraciones.<\/p>\n\n\n\n<p><strong>\u00c1mbito territorial:<\/strong><\/p>\n\n\n\n<p>Sevilla y Provincia (Central).<\/p>\n\n\n\n<p>Comunidad Aut\u00f3noma de Andaluc\u00eda.<\/p>\n\n\n\n<p>Otras provincias (consultar).<\/p>\n","protected":false},"excerpt":{"rendered":"<p>CASA ALBA Instalaciones el\u00e9ctricas, desarrolla una actividad profesional iniciada en el pasado a\u00f1o 2006, dedic\u00e1ndose a ejecutar Instalaciones El\u00e9ctricas, Telecomunicaciones y Dom\u00f3tica. Con nuestras instalaciones el\u00e9ctricas realizadas tanto en Viviendas, como en Locales Comerciales, Oficinas y Naves Industriales en Sevilla y toda Andaluc\u00eda,&nbsp; nuestra posici\u00f3n se ha afianzado en el mercado de las instaladoras en [&hellip;]<\/p>\n","protected":false},"author":1,"featured_media":0,"parent":0,"menu_order":4,"comment_status":"closed","ping_status":"closed","template":"","meta":{"om_disable_all_campaigns":false},"aioseo_notices":[],"_links":{"self":[{"href":"https:\/\/www.construccionescasaalba.es\/2\/wp-json\/wp\/v2\/pages\/267"}],"collection":[{"href":"https:\/\/www.construccionescasaalba.es\/2\/wp-json\/wp\/v2\/pages"}],"about":[{"href":"https:\/\/www.construccionescasaalba.es\/2\/wp-json\/wp\/v2\/types\/page"}],"author":[{"embeddable":true,"href":"https:\/\/www.construccionescasaalba.es\/2\/wp-json\/wp\/v2\/users\/1"}],"replies":[{"embeddable":true,"href":"https:\/\/www.construccionescasaalba.es\/2\/wp-json\/wp\/v2\/comments?post=267"}],"version-history":[{"count":3,"href":"https:\/\/www.construccionescasaalba.es\/2\/wp-json\/wp\/v2\/pages\/267\/revisions"}],"predecessor-version":[{"id":935,"href":"https:\/\/www.construccionescasaalba.es\/2\/wp-json\/wp\/v2\/pages\/267\/revisions\/935"}],"wp:attachment":[{"href":"https:\/\/www.construccionescasaalba.es\/2\/wp-json\/wp\/v2\/media?parent=267"}],"curies":[{"name":"wp","href":"https:\/\/api.w.org\/{rel}","templated":true}]}}