{"id":260,"date":"2011-01-01T00:00:01","date_gmt":"2011-01-01T00:00:01","guid":{"rendered":"https:\/\/www.construccionescasaalba.es\/2\/the-joomla-community\/"},"modified":"2019-09-10T05:46:04","modified_gmt":"2019-09-10T05:46:04","slug":"calidad-seguridad-casa-alba","status":"publish","type":"page","link":"https:\/\/www.construccionescasaalba.es\/2\/calidad-seguridad-casa-alba\/","title":{"rendered":"Calidad y Seguridad"},"content":{"rendered":"<p><strong>Casa Alba Construcciones<\/strong>, cumple con todas las normativas de Calidad, Seguridad y Medio ambiente existente en el Sector de la <strong>Construcci\u00f3n<\/strong>.<\/p>\n<p>En nuestra <strong>empresa<\/strong>, existe la tendencia permanente a mejorar d\u00eda a d\u00eda nuestra labor, consiguiendo \u00edndices de calidad que roza la excelencia.<\/p>\n","protected":false},"excerpt":{"rendered":"<p>Casa Alba Construcciones, cumple con todas las normativas de Calidad, Seguridad y Medio ambiente existente en el Sector de la Construcci\u00f3n. En nuestra empresa, existe la tendencia permanente a mejorar d\u00eda a d\u00eda nuestra labor, consiguiendo \u00edndices de calidad que roza la excelencia.<\/p>\n","protected":false},"author":1,"featured_media":0,"parent":0,"menu_order":3,"comment_status":"closed","ping_status":"closed","template":"","meta":{"om_disable_all_campaigns":false},"aioseo_notices":[],"_links":{"self":[{"href":"https:\/\/www.construccionescasaalba.es\/2\/wp-json\/wp\/v2\/pages\/260"}],"collection":[{"href":"https:\/\/www.construccionescasaalba.es\/2\/wp-json\/wp\/v2\/pages"}],"about":[{"href":"https:\/\/www.construccionescasaalba.es\/2\/wp-json\/wp\/v2\/types\/page"}],"author":[{"embeddable":true,"href":"https:\/\/www.construccionescasaalba.es\/2\/wp-json\/wp\/v2\/users\/1"}],"replies":[{"embeddable":true,"href":"https:\/\/www.construccionescasaalba.es\/2\/wp-json\/wp\/v2\/comments?post=260"}],"version-history":[{"count":1,"href":"https:\/\/www.construccionescasaalba.es\/2\/wp-json\/wp\/v2\/pages\/260\/revisions"}],"predecessor-version":[{"id":457,"href":"https:\/\/www.construccionescasaalba.es\/2\/wp-json\/wp\/v2\/pages\/260\/revisions\/457"}],"wp:attachment":[{"href":"https:\/\/www.construccionescasaalba.es\/2\/wp-json\/wp\/v2\/media?parent=260"}],"curies":[{"name":"wp","href":"https:\/\/api.w.org\/{rel}","templated":true}]}}