{"id":236,"date":"2011-01-01T00:00:01","date_gmt":"2011-01-01T00:00:01","guid":{"rendered":"https:\/\/www.construccionescasaalba.es\/2\/obras-y-reformas\/"},"modified":"2020-03-23T19:22:27","modified_gmt":"2020-03-23T19:22:27","slug":"obras-y-reformas","status":"publish","type":"page","link":"https:\/\/www.construccionescasaalba.es\/2\/obras-y-reformas\/","title":{"rendered":"Obras y Reformas"},"content":{"rendered":"<p>Hacer una <strong>obra<\/strong> y <strong>reformar<\/strong> nuestra casa, obedece a una necesidad o una decisi\u00f3n guiada por la respuesta a un cambio de tendencia que puede materializarse por varias razones.<\/p>\n<p>La <strong>reforma<\/strong> generalmente se produce para corregir problemas en <strong>Construccion de obras<\/strong> anteriores o para atender a nuevas necesidades de espacios y otras circunstancias derivadas de la b\u00fasqueda de la calidad de vida en el hogar.<\/p>\n<p><strong> Las obras y reformas de su casa<\/strong>, ser\u00e1n sin duda mejor gestionadas por nuestros expertos.<\/p>\n<p>Nuestro <strong>conocimiento y experiencia<\/strong>, le asegurar\u00e1 la confianza. Los mejores materiales, le proporcionar\u00e1 la m\u00e1xima calidad exigida.<\/p>\n<p>En <strong>Casa Alba<\/strong> cubrimos territorialmente toda la <strong>Comunidad Aut\u00f3noma de Andaluc\u00eda<\/strong>, donde ofrecemos nuestros servicios de <strong>Obras y Reformas<\/strong>.<\/p>\n<p>Nuestras Actuaciones:<\/p>\n<ul>\n<li>Permisos y proyectos.<\/li>\n<li>Dise\u00f1o e interiorismo.<\/li>\n<li>Maximizaci\u00f3n del espacio.<\/li>\n<li>Tabiquer\u00eda y alba\u00f1iler\u00eda.<\/li>\n<li>Pladur.<\/li>\n<li>Instalaciones integrales.<\/li>\n<li>Revestimientos cer\u00e1micos.<\/li>\n<li>Pintura.<\/li>\n<li>Yeso.<\/li>\n<li>Falsos techos<\/li>\n<li>Parket.<\/li>\n<li>Carpinter\u00eda (madera y aluminio).<\/li>\n<li>Mobiliario de Cocina y Ba\u00f1o a medida<\/li>\n<li>Reformas Integrales.<\/li>\n<\/ul>\n","protected":false},"excerpt":{"rendered":"<p>Hacer una obra y reformar nuestra casa, obedece a una necesidad o una decisi\u00f3n guiada por la respuesta a un cambio de tendencia que puede materializarse por varias razones. La reforma generalmente se produce para corregir problemas en Construccion de obras anteriores o para atender a nuevas necesidades de espacios y otras circunstancias derivadas de [&hellip;]<\/p>\n","protected":false},"author":1,"featured_media":0,"parent":0,"menu_order":1,"comment_status":"closed","ping_status":"closed","template":"","meta":{"om_disable_all_campaigns":false},"aioseo_notices":[],"_links":{"self":[{"href":"https:\/\/www.construccionescasaalba.es\/2\/wp-json\/wp\/v2\/pages\/236"}],"collection":[{"href":"https:\/\/www.construccionescasaalba.es\/2\/wp-json\/wp\/v2\/pages"}],"about":[{"href":"https:\/\/www.construccionescasaalba.es\/2\/wp-json\/wp\/v2\/types\/page"}],"author":[{"embeddable":true,"href":"https:\/\/www.construccionescasaalba.es\/2\/wp-json\/wp\/v2\/users\/1"}],"replies":[{"embeddable":true,"href":"https:\/\/www.construccionescasaalba.es\/2\/wp-json\/wp\/v2\/comments?post=236"}],"version-history":[{"count":11,"href":"https:\/\/www.construccionescasaalba.es\/2\/wp-json\/wp\/v2\/pages\/236\/revisions"}],"predecessor-version":[{"id":537,"href":"https:\/\/www.construccionescasaalba.es\/2\/wp-json\/wp\/v2\/pages\/236\/revisions\/537"}],"wp:attachment":[{"href":"https:\/\/www.construccionescasaalba.es\/2\/wp-json\/wp\/v2\/media?parent=236"}],"curies":[{"name":"wp","href":"https:\/\/api.w.org\/{rel}","templated":true}]}}